{"id":3718,"date":"2018-01-22T01:41:07","date_gmt":"2018-01-21T23:41:07","guid":{"rendered":"https:\/\/www.home-horeca.cz\/shop\/?page_id=3718"},"modified":"2021-03-29T17:56:48","modified_gmt":"2021-03-29T15:56:48","slug":"o-nas","status":"publish","type":"page","link":"https:\/\/www.home-horeca.cz\/shop\/o-nas\/","title":{"rendered":"O n\u00e1s"},"content":{"rendered":"\t<section class=\"section\" id=\"section_874237808\">\n\t\t<div class=\"bg section-bg fill bg-fill  bg-loaded\" >\n\n\t\t\t\n\t\t\t\n\t\t\t\n\n\t\t<\/div>\n\n\t\t<div class=\"section-content relative\">\n\t\t\t\n<div class=\"row row-collapse row-full-width\"  id=\"row-29492714\">\n\n\t<div id=\"col-985858174\" class=\"col small-12 large-12\"  >\n\t\t\t\t<div class=\"col-inner\"  >\n\t\t\t\n\t\t\t\n\n  <div class=\"banner has-hover\" id=\"banner-444309823\">\n          <div class=\"banner-inner fill\">\n        <div class=\"banner-bg fill\" >\n            <div class=\"bg fill bg-fill \"><\/div>\n                        <div class=\"overlay\"><\/div>            \n                    <\/div>\n        <div class=\"banner-layers container\">\n            <div class=\"fill banner-link\"><\/div>            \n   <div id=\"text-box-931788783\" class=\"text-box banner-layer x50 md-x50 lg-x50 y50 md-y50 lg-y50 res-text\">\n                                <div class=\"text-box-content text dark\">\n              \n              <div class=\"text-inner text-center\">\n                  \n<h1 class=\"heading-h1\">O spole\u010dnosti Home &amp; Horeca<\/h1>\n              <\/div>\n           <\/div>\n                            \n<style>\n#text-box-931788783 {\n  width: 74%;\n}\n#text-box-931788783 .text-box-content {\n  font-size: 100%;\n}\n@media (min-width:550px) {\n  #text-box-931788783 {\n    width: 80%;\n  }\n}\n@media (min-width:850px) {\n  #text-box-931788783 {\n    width: 42%;\n  }\n}\n<\/style>\n    <\/div>\n \n        <\/div>\n      <\/div>\n\n            \n<style>\n#banner-444309823 {\n  padding-top: 350px;\n}\n#banner-444309823 .bg.bg-loaded {\n  background-image: url(https:\/\/www.home-horeca.cz\/shop\/wp-content\/uploads\/2018\/01\/1-121-of-205-1367x800.jpg);\n}\n#banner-444309823 .overlay {\n  background-color: rgba(0, 0, 0, 0.5);\n}\n<\/style>\n  <\/div>\n\n\n\t\t<\/div>\n\t\t\t\t\t<\/div>\n\n\t\n<\/div>\n\t\t<\/div>\n\n\t\t\n<style>\n#section_874237808 {\n  padding-top: 0px;\n  padding-bottom: 0px;\n}\n<\/style>\n\t<\/section>\n\t\n\t<section class=\"section\" id=\"section_414940473\">\n\t\t<div class=\"bg section-bg fill bg-fill  bg-loaded\" >\n\n\t\t\t\n\t\t\t\n\t\t\t\n\n\t\t<\/div>\n\n\t\t<div class=\"section-content relative\">\n\t\t\t\n<div class=\"row row-collapse row-full-width align-middle\"  id=\"row-884408100\">\n\n\t<div id=\"col-583175708\" class=\"col hide-for-medium medium-6 small-12 large-6\"  >\n\t\t\t\t<div class=\"col-inner\"  >\n\t\t\t\n\t\t\t\n\t<div class=\"img has-hover x md-x lg-x y md-y lg-y\" id=\"image_454775267\">\n\t\t\t\t\t\t\t\t<div class=\"img-inner image-cover dark\" style=\"padding-top:60%;\">\n\t\t\t<img width=\"1020\" height=\"765\" src=\"https:\/\/www.home-horeca.cz\/shop\/wp-content\/uploads\/2018\/01\/seo-1067x800.jpg\" class=\"attachment-large size-large\" alt=\"\" loading=\"lazy\" srcset=\"https:\/\/www.home-horeca.cz\/shop\/wp-content\/uploads\/2018\/01\/seo-1067x800.jpg 1067w, https:\/\/www.home-horeca.cz\/shop\/wp-content\/uploads\/2018\/01\/seo-660x495.jpg 660w, https:\/\/www.home-horeca.cz\/shop\/wp-content\/uploads\/2018\/01\/seo-500x375.jpg 500w, https:\/\/www.home-horeca.cz\/shop\/wp-content\/uploads\/2018\/01\/seo-768x576.jpg 768w, https:\/\/www.home-horeca.cz\/shop\/wp-content\/uploads\/2018\/01\/seo-533x400.jpg 533w, https:\/\/www.home-horeca.cz\/shop\/wp-content\/uploads\/2018\/01\/seo-114x86.jpg 114w, https:\/\/www.home-horeca.cz\/shop\/wp-content\/uploads\/2018\/01\/seo-247x185.jpg 247w, https:\/\/www.home-horeca.cz\/shop\/wp-content\/uploads\/2018\/01\/seo-510x383.jpg 510w, https:\/\/www.home-horeca.cz\/shop\/wp-content\/uploads\/2018\/01\/seo.jpg 1200w\" sizes=\"(max-width: 1020px) 100vw, 1020px\" \/>\t\t\t\t\t\t\n\t\t\t\t\t<\/div>\n\t\t\t\t\t\t\t\t\n<style>\n#image_454775267 {\n  width: 100%;\n}\n@media (min-width:850px) {\n  #image_454775267 {\n    width: 100%;\n  }\n}\n<\/style>\n\t<\/div>\n\t\n\t\t<\/div>\n\t\t\t\t\t<\/div>\n\n\t\n\n\t<div id=\"col-951999382\" class=\"col medium-6 small-12 large-6\"  >\n\t\t\t\t<div class=\"col-inner text-left\"  >\n\t\t\t\n\t\t\t\n<p><span style=\"font-size: 130%;\">Mezi hlavn\u00ed c\u00edle firmy Home &amp; Horeca pat\u0159\u00ed nach\u00e1zet individu\u00e1ln\u00ed \u0159e\u0161en\u00ed projekt\u016fm na m\u00edru. Sv\u00fdm zam\u011b\u0159en\u00edm na kvalitu a detail se li\u0161\u00ed od standardn\u00edch produkt\u016f z fabrik, av\u0161ak svou cenou je schopn\u00e1 udr\u017eet krok s konkurenc\u00ed zam\u011b\u0159enou na velkov\u00fdrobu. Ka\u017ed\u00fd nov\u00fd projekt je pro H&amp;H v\u00fdzvou a za svou 13letou historii m\u00e1 na \u00fa\u010dtu tis\u00edce spokojen\u00fdch z\u00e1kazn\u00edk\u016f. Pod jednou st\u0159echou nab\u00edz\u00ed sv\u00e9 zku\u0161enosti ze sv\u011bta n\u00e1bytku, podlahov\u00fdch krytin, st\u011bn, postel\u00ed a matrac\u00ed. Nejnov\u011bj\u0161\u00ed technologie, kvalita a rychlost \u2013 to jsou hlavn\u00ed atributy firmy H&amp;H!<\/span><\/p>\n\t\t<\/div>\n\t\t\t\t\n<style>\n#col-951999382 > .col-inner {\n  padding: 30px 30px 30px 30px;\n}\n<\/style>\n\t<\/div>\n\n\t\n<\/div>\n\t\t<\/div>\n\n\t\t\n<style>\n#section_414940473 {\n  padding-top: 0px;\n  padding-bottom: 0px;\n}\n<\/style>\n\t<\/section>\n\t\n\t<section class=\"section\" id=\"section_1775179673\">\n\t\t<div class=\"bg section-bg fill bg-fill  bg-loaded\" >\n\n\t\t\t\n\t\t\t\n\t\t\t\n\n\t\t<\/div>\n\n\t\t<div class=\"section-content relative\">\n\t\t\t\n<div class=\"row row-collapse row-full-width align-middle o-nas-logos\"  id=\"row-1506179046\">\n\n\t<div id=\"col-2017461726\" class=\"col medium-6 small-12 large-6\"  >\n\t\t\t\t<div class=\"col-inner text-center\"  >\n\t\t\t\n\t\t\t\n\t<div class=\"img has-hover x md-x lg-x y md-y lg-y\" id=\"image_651020527\">\n\t\t\t\t\t\t\t\t<div class=\"img-inner dark\" >\n\t\t\t<img width=\"500\" height=\"207\" src=\"https:\/\/www.home-horeca.cz\/shop\/wp-content\/uploads\/2018\/01\/Ps998W71BqXjejkhm4kyZEykFvigO7Hfo2bZDRI8.png\" class=\"attachment-large size-large\" alt=\"\" loading=\"lazy\" srcset=\"https:\/\/www.home-horeca.cz\/shop\/wp-content\/uploads\/2018\/01\/Ps998W71BqXjejkhm4kyZEykFvigO7Hfo2bZDRI8.png 500w, https:\/\/www.home-horeca.cz\/shop\/wp-content\/uploads\/2018\/01\/Ps998W71BqXjejkhm4kyZEykFvigO7Hfo2bZDRI8-157x65.png 157w, https:\/\/www.home-horeca.cz\/shop\/wp-content\/uploads\/2018\/01\/Ps998W71BqXjejkhm4kyZEykFvigO7Hfo2bZDRI8-114x47.png 114w, https:\/\/www.home-horeca.cz\/shop\/wp-content\/uploads\/2018\/01\/Ps998W71BqXjejkhm4kyZEykFvigO7Hfo2bZDRI8-247x102.png 247w\" sizes=\"(max-width: 500px) 100vw, 500px\" \/>\t\t\t\t\t\t\n\t\t\t\t\t<\/div>\n\t\t\t\t\t\t\t\t\n<style>\n#image_651020527 {\n  width: 70%;\n}\n<\/style>\n\t<\/div>\n\t\n\t\t<\/div>\n\t\t\t\t\n<style>\n#col-2017461726 > .col-inner {\n  padding: 30px 0px 20px 0px;\n}\n<\/style>\n\t<\/div>\n\n\t\n\n\t<div id=\"col-969928272\" class=\"col medium-6 small-12 large-6\"  >\n\t\t\t\t<div class=\"col-inner text-left\" style=\"background-color:rgb(157, 28, 31);\" >\n\t\t\t\n\t\t\t\n<h2><span style=\"font-size: 130%; color: #ffffff;\" data-line-height=\"m\">Meridyen<\/span><\/h2>\n<p><span style=\"font-size: 130%; color: #ffffff;\">Meridyen Tekstil byla zalo\u017eena roku 1995 za jedin\u00fdm \u00fa\u010delem \u2013 spln\u011bn\u00ed textiln\u00edch po\u017eadavk\u016f nejen<\/span> <span style=\"font-size: 130%; color: #ffffff;\">hotel\u016f a restaurac\u00ed, ale i vojensk\u00fdch za\u0159\u00edzen\u00ed a nemocnic. Meridyen Tekstil pevn\u011b dr\u017e\u00ed krok s ve\u0161ker\u00fdm<\/span> <span style=\"font-size: 130%; color: #ffffff;\">nejnov\u011bj\u0161\u00edm v\u00fdvojem v oblasti v\u00fdroby a designu po cel\u00e9m sv\u011bt\u011b a ne\u00fanavn\u011b usiluje o to, aby sv\u00fdm<\/span> <span style=\"font-size: 130%; color: #ffffff;\">z\u00e1kazn\u00edk\u016fm v\u017edy nab\u00eddla \u0161pi\u010dkovou kvalitu s optim\u00e1ln\u00ed cenou. Firma vyr\u00e1b\u00ed tkaniny s neomezen\u00fdm<\/span> <span style=\"font-size: 130%; color: #ffffff;\">v\u00fdb\u011brem barev a textil\u016f, a vytv\u00e1\u0159\u00ed vzory s vlastn\u00edm temperamentem ke konkr\u00e9tn\u00edmu prostoru a jeho<\/span> <span style=\"font-size: 130%; color: #ffffff;\">\u00fa\u010delu.<\/span><\/p>\n\t\t<\/div>\n\t\t\t\t\n<style>\n#col-969928272 > .col-inner {\n  padding: 30px 30px 30px 30px;\n}\n<\/style>\n\t<\/div>\n\n\t\n<\/div>\n<div class=\"row row-collapse row-full-width align-middle o-nas-logos\"  id=\"row-1853282616\">\n\n\t<div id=\"col-2008611701\" class=\"col medium-6 small-12 large-6\"  >\n\t\t\t\t<div class=\"col-inner text-left\" style=\"background-color:rgb(16, 16, 16);\" >\n\t\t\t\n\t\t\t\n<h2><span style=\"font-size: 130%; color: #ffffff;\" data-line-height=\"m\">Serabed<\/span><\/h2>\n<p><span style=\"font-size: 130%; color: #ffffff;\" data-line-height=\"m\">Spole\u010dnost Serabed byla zalo\u017eena v roce 1967 v Izmiru, ka\u017edodenn\u011b roz\u0161i\u0159ovala sv\u00e9 v\u00fdrobn\u00ed a \u0159\u00edd\u00edc\u00ed kapacity. Dnes se spole\u010dnost stala modern\u00edm v\u00fdrobn\u00edm z\u00e1vodem o rozloze 6 000 metr\u016f \u010dtvere\u010dn\u00edch, kter\u00fd zam\u011bstn\u00e1v\u00e1 v pr\u016fm\u011bru 120 lid\u00ed, kte\u0159\u00ed se d\u00edky jejich investic\u00edm v pr\u016fb\u011bhu let neust\u00e1le zlep\u0161ovali.<br \/>\nNa sou\u010dasn\u00e9 v\u00fdrobn\u00ed dr\u00e1ze se m\u016f\u017ee denn\u011b vyrobit pr\u016fm\u011brn\u011b 150 matrac\u00ed a 150 \u010deln\u00edch desek pro postele, vyr\u00e1b\u00ed ro\u010dn\u011b p\u0159ibli\u017en\u011b 45 000 matrac\u00ed a 45 000 z\u00e1kladn\u00edch desek pro postele r\u016fzn\u00fdch velikost\u00ed a kvality.<\/span><\/p>\n\t\t<\/div>\n\t\t\t\t\n<style>\n#col-2008611701 > .col-inner {\n  padding: 30px 30px 30px 30px;\n}\n<\/style>\n\t<\/div>\n\n\t\n\n\t<div id=\"col-1789060608\" class=\"col medium-6 small-12 large-6 small-col-first\"  >\n\t\t\t\t<div class=\"col-inner text-center\"  >\n\t\t\t\n\t\t\t\n\t<div class=\"img has-hover x md-x lg-x y md-y lg-y\" id=\"image_1913552485\">\n\t\t\t\t\t\t\t\t<div class=\"img-inner dark\" >\n\t\t\t<img width=\"1020\" height=\"253\" src=\"https:\/\/www.home-horeca.cz\/shop\/wp-content\/uploads\/2021\/03\/beyaz-1400x347.png\" class=\"attachment-large size-large\" alt=\"\" loading=\"lazy\" srcset=\"https:\/\/www.home-horeca.cz\/shop\/wp-content\/uploads\/2021\/03\/beyaz-1400x347.png 1400w, https:\/\/www.home-horeca.cz\/shop\/wp-content\/uploads\/2021\/03\/beyaz-500x124.png 500w, https:\/\/www.home-horeca.cz\/shop\/wp-content\/uploads\/2021\/03\/beyaz-768x190.png 768w, https:\/\/www.home-horeca.cz\/shop\/wp-content\/uploads\/2021\/03\/beyaz-660x164.png 660w, https:\/\/www.home-horeca.cz\/shop\/wp-content\/uploads\/2021\/03\/beyaz.png 1500w\" sizes=\"(max-width: 1020px) 100vw, 1020px\" \/>\t\t\t\t\t\t\n\t\t\t\t\t<\/div>\n\t\t\t\t\t\t\t\t\n<style>\n#image_1913552485 {\n  width: 70%;\n}\n<\/style>\n\t<\/div>\n\t\n\t\t<\/div>\n\t\t\t\t\n<style>\n#col-1789060608 > .col-inner {\n  padding: 30px 0px 30px 0px;\n}\n<\/style>\n\t<\/div>\n\n\t\n<\/div>\n\t\t<\/div>\n\n\t\t\n<style>\n#section_1775179673 {\n  padding-top: 0px;\n  padding-bottom: 0px;\n}\n<\/style>\n\t<\/section>\n\t\n","protected":false},"excerpt":{"rendered":"","protected":false},"author":2,"featured_media":0,"parent":0,"menu_order":0,"comment_status":"closed","ping_status":"closed","template":"page-blank.php","meta":[],"yoast_head":"<!-- This site is optimized with the Yoast SEO plugin v19.11 - https:\/\/yoast.com\/wordpress\/plugins\/seo\/ -->\n<title>O n\u00e1s - Home&amp;Horeca - elektronick\u00fd obchod s postel\u00ed a textilem<\/title>\n<meta name=\"robots\" content=\"index, follow, max-snippet:-1, max-image-preview:large, max-video-preview:-1\" \/>\n<link rel=\"canonical\" href=\"https:\/\/www.home-horeca.cz\/shop\/o-nas\/\" \/>\n<meta property=\"og:locale\" content=\"cs_CZ\" \/>\n<meta property=\"og:type\" content=\"article\" \/>\n<meta property=\"og:title\" content=\"O n\u00e1s - Home&amp;Horeca - elektronick\u00fd obchod s postel\u00ed a textilem\" \/>\n<meta property=\"og:url\" content=\"https:\/\/www.home-horeca.cz\/shop\/o-nas\/\" \/>\n<meta property=\"og:site_name\" content=\"Home&amp;Horeca - elektronick\u00fd obchod s postel\u00ed a textilem\" \/>\n<meta property=\"article:modified_time\" content=\"2021-03-29T15:56:48+00:00\" \/>\n<meta name=\"twitter:card\" content=\"summary_large_image\" \/>\n<meta name=\"twitter:label1\" content=\"Odhadovan\u00e1 doba \u010dten\u00ed\" \/>\n\t<meta name=\"twitter:data1\" content=\"3 minuty\" \/>\n<script type=\"application\/ld+json\" class=\"yoast-schema-graph\">{\"@context\":\"https:\/\/schema.org\",\"@graph\":[{\"@type\":\"WebPage\",\"@id\":\"https:\/\/www.home-horeca.cz\/shop\/o-nas\/\",\"url\":\"https:\/\/www.home-horeca.cz\/shop\/o-nas\/\",\"name\":\"O n\u00e1s - Home&amp;Horeca - elektronick\u00fd obchod s postel\u00ed a textilem\",\"isPartOf\":{\"@id\":\"https:\/\/www.home-horeca.cz\/shop\/#website\"},\"datePublished\":\"2018-01-21T23:41:07+00:00\",\"dateModified\":\"2021-03-29T15:56:48+00:00\",\"breadcrumb\":{\"@id\":\"https:\/\/www.home-horeca.cz\/shop\/o-nas\/#breadcrumb\"},\"inLanguage\":\"cs\",\"potentialAction\":[{\"@type\":\"ReadAction\",\"target\":[\"https:\/\/www.home-horeca.cz\/shop\/o-nas\/\"]}]},{\"@type\":\"BreadcrumbList\",\"@id\":\"https:\/\/www.home-horeca.cz\/shop\/o-nas\/#breadcrumb\",\"itemListElement\":[{\"@type\":\"ListItem\",\"position\":1,\"name\":\"Dom\u016f\",\"item\":\"https:\/\/www.home-horeca.cz\/shop\/\"},{\"@type\":\"ListItem\",\"position\":2,\"name\":\"O n\u00e1s\"}]},{\"@type\":\"WebSite\",\"@id\":\"https:\/\/www.home-horeca.cz\/shop\/#website\",\"url\":\"https:\/\/www.home-horeca.cz\/shop\/\",\"name\":\"Home&amp;Horeca - elektronick\u00fd obchod s postel\u00ed a textilem\",\"description\":\"H&amp;H nab\u00edz\u00ed sv\u00fdm klient\u016fm v\u00edce ne\u017e 13 let zku\u0161enost\u00ed ve sv\u011bt\u011b kvalitn\u00edch postel\u00ed, matrac\u00ed i l\u016f\u017ekovin. Aktivn\u011b se \u00fa\u010dastn\u00ed mezin\u00e1rodn\u00edch projekt\u016f, pracuje bez zprost\u0159edkovatel\u016f, a p\u0159edev\u0161\u00edm dr\u017e\u00ed krok s nejnov\u011bj\u0161\u00edm v\u00fdvojem v oblasti v\u00fdroby, technologie a designu. Vstupte s n\u00e1mi do sv\u011bta funk\u010dn\u00edch a kvalitn\u00edch interi\u00e9r\u016f!\",\"potentialAction\":[{\"@type\":\"SearchAction\",\"target\":{\"@type\":\"EntryPoint\",\"urlTemplate\":\"https:\/\/www.home-horeca.cz\/shop\/?s={search_term_string}\"},\"query-input\":\"required name=search_term_string\"}],\"inLanguage\":\"cs\"}]}<\/script>\n<!-- \/ Yoast SEO plugin. -->","yoast_head_json":{"title":"O n\u00e1s - Home&amp;Horeca - elektronick\u00fd obchod s postel\u00ed a textilem","robots":{"index":"index","follow":"follow","max-snippet":"max-snippet:-1","max-image-preview":"max-image-preview:large","max-video-preview":"max-video-preview:-1"},"canonical":"https:\/\/www.home-horeca.cz\/shop\/o-nas\/","og_locale":"cs_CZ","og_type":"article","og_title":"O n\u00e1s - Home&amp;Horeca - elektronick\u00fd obchod s postel\u00ed a textilem","og_url":"https:\/\/www.home-horeca.cz\/shop\/o-nas\/","og_site_name":"Home&amp;Horeca - elektronick\u00fd obchod s postel\u00ed a textilem","article_modified_time":"2021-03-29T15:56:48+00:00","twitter_card":"summary_large_image","twitter_misc":{"Odhadovan\u00e1 doba \u010dten\u00ed":"3 minuty"},"schema":{"@context":"https:\/\/schema.org","@graph":[{"@type":"WebPage","@id":"https:\/\/www.home-horeca.cz\/shop\/o-nas\/","url":"https:\/\/www.home-horeca.cz\/shop\/o-nas\/","name":"O n\u00e1s - Home&amp;Horeca - elektronick\u00fd obchod s postel\u00ed a textilem","isPartOf":{"@id":"https:\/\/www.home-horeca.cz\/shop\/#website"},"datePublished":"2018-01-21T23:41:07+00:00","dateModified":"2021-03-29T15:56:48+00:00","breadcrumb":{"@id":"https:\/\/www.home-horeca.cz\/shop\/o-nas\/#breadcrumb"},"inLanguage":"cs","potentialAction":[{"@type":"ReadAction","target":["https:\/\/www.home-horeca.cz\/shop\/o-nas\/"]}]},{"@type":"BreadcrumbList","@id":"https:\/\/www.home-horeca.cz\/shop\/o-nas\/#breadcrumb","itemListElement":[{"@type":"ListItem","position":1,"name":"Dom\u016f","item":"https:\/\/www.home-horeca.cz\/shop\/"},{"@type":"ListItem","position":2,"name":"O n\u00e1s"}]},{"@type":"WebSite","@id":"https:\/\/www.home-horeca.cz\/shop\/#website","url":"https:\/\/www.home-horeca.cz\/shop\/","name":"Home&amp;Horeca - elektronick\u00fd obchod s postel\u00ed a textilem","description":"H&amp;H nab\u00edz\u00ed sv\u00fdm klient\u016fm v\u00edce ne\u017e 13 let zku\u0161enost\u00ed ve sv\u011bt\u011b kvalitn\u00edch postel\u00ed, matrac\u00ed i l\u016f\u017ekovin. Aktivn\u011b se \u00fa\u010dastn\u00ed mezin\u00e1rodn\u00edch projekt\u016f, pracuje bez zprost\u0159edkovatel\u016f, a p\u0159edev\u0161\u00edm dr\u017e\u00ed krok s nejnov\u011bj\u0161\u00edm v\u00fdvojem v oblasti v\u00fdroby, technologie a designu. Vstupte s n\u00e1mi do sv\u011bta funk\u010dn\u00edch a kvalitn\u00edch interi\u00e9r\u016f!","potentialAction":[{"@type":"SearchAction","target":{"@type":"EntryPoint","urlTemplate":"https:\/\/www.home-horeca.cz\/shop\/?s={search_term_string}"},"query-input":"required name=search_term_string"}],"inLanguage":"cs"}]}},"_links":{"self":[{"href":"https:\/\/www.home-horeca.cz\/shop\/wp-json\/wp\/v2\/pages\/3718"}],"collection":[{"href":"https:\/\/www.home-horeca.cz\/shop\/wp-json\/wp\/v2\/pages"}],"about":[{"href":"https:\/\/www.home-horeca.cz\/shop\/wp-json\/wp\/v2\/types\/page"}],"author":[{"embeddable":true,"href":"https:\/\/www.home-horeca.cz\/shop\/wp-json\/wp\/v2\/users\/2"}],"replies":[{"embeddable":true,"href":"https:\/\/www.home-horeca.cz\/shop\/wp-json\/wp\/v2\/comments?post=3718"}],"version-history":[{"count":4,"href":"https:\/\/www.home-horeca.cz\/shop\/wp-json\/wp\/v2\/pages\/3718\/revisions"}],"predecessor-version":[{"id":10553,"href":"https:\/\/www.home-horeca.cz\/shop\/wp-json\/wp\/v2\/pages\/3718\/revisions\/10553"}],"wp:attachment":[{"href":"https:\/\/www.home-horeca.cz\/shop\/wp-json\/wp\/v2\/media?parent=3718"}],"curies":[{"name":"wp","href":"https:\/\/api.w.org\/{rel}","templated":true}]}}